he remainder when 88 is divided by p(-1)?
7
Suppose -225 = -55*a + 382 - 112. Calculate the remainder when 1016 is divided by a.
8
Let y(k) = k**3 + 14*k**2 + 17*k + 13. Let l be y(-10). Let x = -232 + l. Calculate the remainder when x is divided by 3.
2
What is the remainder when (1/3)/(3/81) + 2849 is divided by 2?
0
What is the remainder when 78 - (-5)/((-5)/2) is divided by 207/483 + 74/7?
10
Suppose -17*g + 3230 = -3235 - 488. Calculate the remainder when g is divided by 57.
10
Let g = -71 - -64. Suppose -3*r = -6*r + 63. Calculate the remainder when 17 is divided by 18/g*(-98)/r.
5
Let y = -296 - -292. Let l = y + 128. Calculate the remainder when l is divided by 16.
12
What is the remainder when 1*-1192*138/(-1104) is divided by 68?
13
Suppose 15*b - 7547 - 3658 = 0. Suppose -10*i - 2*k + b = -5*i, 2*i - 5*k - 322 = 0. Calculate the remainder when i is divided by 11.
8
Let f(w) = -w**3 - 9*w**2 - 12*w - 20. Let k be f(-8). Let m = k + -9. Let o(r) = r**3 - 4*r**2 - 4*r + 2. Calculate the remainder when o(5) is divided by m.
1
Suppose 15*d - 74 = -734. What is the remainder when 76 is divided by 1100/d*8/(-10)?
16
Let h be (330/9)/(1/3). Let i = h + 83. Let l = i - 134. Calculate the remainder when l is divided by 16.
11
Suppose 6*s - 3*m = s + 128, 96 = 4*s + 4*m. Calculate the remainder when 2022 is divided by s.
22
Suppose -190 = -2*u - 5*y, 2*u - 236 = -4*y - 52. Calculate the remainder when 160 is divided by u.
0
Suppose 7147*n = 7142*n + 75. What is the remainder when 183 is divided by n?
3
Suppose 980 = 17*x + 45. Suppose 75 = 5*f - x. What is the remainder when f is divided by 11?
4
Let j(s) = s**3 - s**2 - 39*s + 41. Calculate the remainder when 204 is divided by j(-6).
20
Let w be (4 + -3 + 0)*9 + -5. Suppose -w*x - 2*l = -350, 0 = -l + 5*l - 4. Calculate the remainder when x is divided by 11.
10
Let q(m) = m**3 + 4*m - 3. Let t(i) = -4*i**2 - 889*i - 22441. Calculate the remainder when t(-193) is divided by q(2).
10
Suppose -1341*x + 1346*x - 2*z - 16 = 0, -5*z + 6 = -x. What is the remainder when 127 is divided by x?
3
Suppose 5*l = -s + 38, l + 6*s - 2*s - 19 = 0. Calculate the remainder when 20 is divided by (121/77 - 6/14)*l.
4
Calculate the remainder when (-11300)/100*(1 + -2) is divided by 17.
11
Suppose -20*z + 30369 = 30089. Let s = 16 + -10. Calculate the remainder when z is divided by s.
2
Suppose -3*h - d = -20, 2*d = 5*h - 2*d - 22. Suppose 5*l - 18*k - 385 = -23*k, -229 = -3*l - 2*k. What is the remainder when l is divided by h?
3
Suppose 24*d + 24 - 168 = 0. What is the remainder when (-945)/(-3) + (-18)/d is divided by 103?
3
Let f = 5256 + -4234. Calculate the remainder when f is divided by 336.
14
Let g(n) = -16*n - 11. Let p be g(-1). Suppose 724 = 3*x + p*f, 6*x - f - 1188 = x. What is the remainder when x is divided by 20?
18
Let h = 119 + -119. Suppose 14*m + 21 - 49 = h. What is the remainder when 12 is divided by m?
0
Let o(w) = 3*w**2 - 4*w + 1. Suppose 2740 = 8*v - 3*l - 1248, 5*v - 2508 = -2*l. What is the remainder when v is divided by o(5)?
52
Let i(d) = -10 - 5*d + 3*d - 10 + 4*d. Suppose 528 = 3*c - 2*y, -3*c = 3*y - 658 + 115. What is the remainder when c is divided by i(20)?
18
Calculate the remainder when 3135 is divided by (556 - 19) + -19 - -2.
15
Suppose 3*b - 133 = -2*m - 3*m, -35 = -b - 4*m. Let k = b - 49. Calculate the remainder when (1 - -8) + 1*-1 + k is divided by 4.
2
Suppose -m - 3*p + 485 = -577, 0 = m - 5*p - 1022. Suppose -2*y + m = -a, 2*y - 7*y - 5*a + 2640 = 0. Calculate the remainder when y is divided by 31.
29
Suppose -2*g = -5*j + 130, 2*j = j + g + 29. What is the remainder when (-6)/4 - -1 - (-488511)/2934 is divided by j?
22
Let l = 258 + -258. Suppose -19*t + 2824 - 1038 = l. Calculate the remainder when t is divided by 17.
9
Suppose 3*y = 2*l, 0 = 6*l - 4*l - 4*y. Suppose l*o + 120 = 5*o. What is the remainder when 68 is divided by o?
20
Let g(l) = l**3 - l**2 - 184*l + 546. What is the remainder when 2259 is divided by g(3)?
3
Let q = 33490 + -33446. Calculate the remainder when 15399 is divided by q.
43
Let n = 1457 - 1443. Suppose -5*h = -172 - 173. What is the remainder when h is divided by n?
13
Let m = -1854 + 1898. Calculate the remainder when 139 is divided by m.
7
Let f = -553 - -791. Suppose 10*a - 586 = 5*a - n, -2*a - 4*n = -f. Let i(h) = -11*h - 4. Calculate the remainder when a is divided by i(-4).
37
Suppose -6*h + 588 = 2*q, -1470 = -5*q - 16*h + 21*h. Suppose 78 = 2*o + t, 3*o - 95 = t + 3*t. What is the remainder when q is divided by o?
35
Suppose 0 = 123*i - 1589 + 359. Calculate the remainder when 44 is divided by i.
4
Let h(w) = -w**3 - w**2 - 7*w - 17. Let j be h(-6). Let m = -192 + j. Calculate the remainder when (-3 - -2 - -2)*62 is divided by m.
10
Suppose -533 = -5*x + 2*v, 45 = 5*v + 15. Calculate the remainder when 227 is divided by x.
9
Let d = -103 + 209. Suppose 4*c - 72 = -4*p + 36, d = 3*p - 2*c. Suppose p - 11 = 7*y. What is the remainder when 9 is divided by y?
0
Let i = 2166 + -780. Let a = 40772 + -40699. Calculate the remainder when i is divided by a.
72
Calculate the remainder when 921 is divided by 1656/168 - 8/(-7)*(-1 + 2).
8
Let d = -414 - 13. Let n = 3 - d. What is the remainder when n is divided by 109?
103
Let y = -64 - -67. Let v(w) = 3*w**3 - 4*w**2 + 2*w + 2. Let r be v(y). Let f = r - 30. What is the remainder when 45 is divided by f?
22
Let z(v) = 3*v**2 + 2*v - 24. Let u be z(6). Suppose -332 = 4*g - 5*a - u, 5*g - a + 316 = 0. Let w = -32 - g. Calculate the remainder when 62 is divided by w.
30
Let n be ((-2)/(-3))/((-3)/(-279)). Let x be (6/2)/((-24)/(-16)). Calculate the remainder when 32 is divided by x/(-12) + -2*n/(-24).
2
Suppose 5*a - 187 = 3*y, 0 = -10*a + 12*a - 4*y - 72. Suppose a*t = -979 + 4057. What is the remainder when t is divided by 21?
18
Let x = 515 - 387. Suppose -14 = 2*h - x. What is the remainder when h is divided by 15?
12
Suppose -760 = -7015*a + 7010*a. Calculate the remainder when 2124 is divided by a.
148
Suppose 86*l - 70*l = 1088. Calculate the remainder when 116 is divided by l.
48
Let q be 5 + -8 + 5 - 10*-16. Let j = q + -149. Suppose 0 = -2*k - 45 + 249. What is the remainder when k is divided by j?
11
Suppose 0 = -7*l + 3*l. Suppose -4*r - 473 + 753 = l. Calculate the remainder when r is divided by 19.
13
Suppose 3*o + 5*w - 73 = -30, -o - 2*w + 16 = 0. What is the remainder when 93 is divided by o?
3
Let r = 15825 - 12243. Calculate the remainder when r is divided by 8.
6
Suppose 16 = 3*a - 5. Suppose 0 = w, -a*m + 10*m - w - 441 = 0. Calculate the remainder when m is divided by 30.
27
Suppose -261 = -1826*x + 1823*x. What is the remainder when 599 is divided by x?
77
Let f(h) = h + 5. Let d be (4/((-60)/(-5)))/(2/12). Suppose -6 = -d*y, 0 = -g + 3*g + 3*y - 27. What is the remainder when f(12) is divided by g?
8
Let a = -451 - -184. Let s = a + 142. Let m = -94 - s. Calculate the remainder when m is divided by 12.
7
Let r(c) = -34*c - 116. What is the remainder when 536 is divided by r(-5)?
50
Let k(u) = -3*u**2 - 11*u + 11. Let m be k(5). Let v = 151 + m. Calculate the remainder when 52 is divided by v.
20
Let o = 1230 - -74. Suppose 8 = -14*z + 16*z, 0 = -4*p - 5*z + o. Calculate the remainder when p is divided by 54.
51
What is the remainder when 490 is divided by -10 - (-58 - 28/2)?
56
Let i = 18295 - 18119. Calculate the remainder when i is divided by 140.
36
Suppose -i - 3*h = -4*i + 600, h = 5*i - 988. Let c(p) = p**3 - 35*p**2 + 4*p + 9. What is the remainder when i is divided by c(0)?
8
Let w(a) = -4*a**2 - 5 + a - 4*a - 2 + a**3 - 1. Let r be w(5). Suppose 0*b - 45 = -b - 5*o, r*o = 3*b - 203. Calculate the remainder when b is divided by 22.
21
Suppose 79*d + 43678 - 106245 = -10*d. Calculate the remainder when d is divided by 141.
139
Suppose -2*v + 66 = 5*f, -4*v + 113 + 123 = -3*f. Let a(h) = -h + 1 - 13*h**3 + 5*h + 2*h**2 - 2*h. Calculate the remainder when v is divided by a(-1).
11
Let h(w) = 22*w - 1803. Calculate the remainder when 281 is divided by h(92).
60
Suppose 3*u = 4*u + 5*h - 86, h + 139 = 2*u. Let k = -63 - -31. Let i = k + u. What is the remainder when i is divided by 9?
3
Suppose -5*r + 3*h = 0, -5*r = -4*h - h. Let g = r + 0. Suppose g = -4*n + 